 Let o = -65 + 59. Let n be p(o). Calculate the highest common divisor of 6 and n.
3
Let u(c) = -2*c - 24. Let d be u(-26). Calculate the highest common factor of 721 and d.
7
Let z(g) = g + 117. Let x be z(-73). What is the greatest common factor of x and 124?
4
Suppose -r + 0*r - 3*o + 37 = 0, 2*o = -r + 33. Let u(i) = 4*i**2 + 306*i + 1567. Let f be u(-71). Calculate the highest common divisor of r and f.
5
Suppose -72*u + 282865 = 167666 - 222265. What is the highest common factor of 43 and u?
43
Let d = -44 + 68. Suppose 2*u = -2*u + d. Suppose 12 = u*a - 48. What is the highest common divisor of a and 110?
10
Suppose -153 = -4*v - 9*l + 4*l, -l = 7*v - 229. What is the highest common divisor of 3568 and v?
16
Suppose 0 = 5*r - 4*z - 467, -r = -6*r - 5*z + 485. Let t = r - 32. Suppose 97 + 47 = 16*b. What is the highest common factor of b and t?
9
Let i = 115 + -61. Let b(m) = 3*m**3 + 49*m**2 + 4*m - 102. Let f be b(-16). Calculate the highest common divisor of f and i.
18
Suppose -3*i + 4*a + 35 = 0, 5 = 3*i + 2*a - 0. Suppose 6*k - 2*k - 55 = i*j, -k + 45 = 5*j. Calculate the greatest common divisor of k and 220.
20
Let s = -1150 + 1150. Let w(k) = -k**2 - k + 4. Let b be w(0). Suppose -31 = -5*c + p - b*p, 4*p - 8 = s. Calculate the greatest common divisor of 40 and c.
5
Let o = 297 + -297. Suppose o = -v + 17 + 34. What is the greatest common divisor of v and 34?
17
Let b(t) = -t**3 - 26*t**2 + 46*t - 272. Let u be b(-28). Calculate the greatest common factor of 10828 and u.
4
Let z be 369 + -14 - (1 - 14). Calculate the greatest common factor of 2392 and z.
184
Let t be (-14)/(-1) - (-3 + 2 - -3). Let m be 28/15 - t/(-90). Let l = 6 - m. Calculate the greatest common divisor of l and 4.
4
Let x(i) = -i**2 + 4*i - 3. Suppose -3 = -k + 1. Let p be x(k). Let r be p - (1 - 66) - -1. Calculate the highest common divisor of r and 9.
9
Let i be 62/6 + (-95)/(-57). Calculate the greatest common factor of i and 48.
12
Let r = 1031 - 1017. Suppose -n - b = b, 5*n + 32 = -2*b. Let t(i) = i**2 + 7*i + 6. Let y be t(n). Calculate the greatest common factor of y and r.
14
Let v = 1065 + -215. Calculate the highest common factor of 450 and v.
50
Let l = -2408 + 2410. Calculate the greatest common divisor of l and 139.
1
Let y(m) = -18*m**2 + 76*m - 6. Let q be y(4). What is the highest common divisor of q and 185?
5
Let a be ((-11130)/(-24) + 1/4)*1. What is the highest common factor of 304 and a?
16
Let s = 115673 + -115511. Let h = 3 + 3. What is the greatest common factor of h and s?
6
Let p(c) = 2*c + 291. Let u be (-6)/(((-75)/20)/(-5)). Let s be p(u). Calculate the greatest common factor of s and 11.
11
Let l = -6 + 8. Suppose 73 = b + o, 14 = -4*o + l. Suppose 0 = i - 145 - b. Calculate the greatest common divisor of 17 and i.
17
Suppose 6067*o + 34944 = 6080*o. Calculate the highest common factor of 504 and o.
168
Let j(l) = l**2 - 17*l - 794. Let t be j(43). Suppose 112 = 5*f - 68. What is the greatest common factor of f and t?
36
Suppose m + 10 = 18. Let c be (36/(-32)*-4)/(6/m). Let g be (8/10)/(c/195). Calculate the highest common factor of 39 and g.
13
Let u(n) = -32*n + 2262. Let b be u(0). Calculate the highest common divisor of b and 24.
6
Suppose 0 = 4*y + 2*t - 362, -t - 446 = -5*y + 3*t. Suppose 2 = 2*r + 3*n, 98*n = 102*n + 24. Calculate the highest common divisor of y and r.
10
Suppose -5*l - 481 = -2*p, l + 5*p = 2 - 82. Let i = l + 68. Let k = i + 41. Calculate the highest common divisor of k and 14.
14
Suppose -24 = 4*u - 8*u. Let g be (9 + -4 + (-39)/u)*-30. What is the highest common factor of g and 81?
9
Let x(j) = -15*j - 10. Let i(v) = -5*v - 1. Let p be i(-14). Suppose -5*g = 109 - p. Let l be x(g). What is the greatest common divisor of 22 and l?
22
Let k be 2/7 - (-234)/14. Suppose 31*l - 39965 = -8872. What is the highest common divisor of k and l?
17
Let u be (-192)/(-5) - 111/(-185). What is the highest common divisor of 363 and u?
3
Let b = 629 + -469. Suppose -151*s - 1350 = -b*s. What is the highest common divisor of s and 10?
10
Let z(s) = -s**3 - 11*s**2 + 7*s + 87. Let p be z(-11). Suppose 5*v = -p, 3*l - v - 36 = l. What is the highest common divisor of 697 and l?
17
Suppose 383*k - 188*k = 193*k + 96. Calculate the greatest common divisor of k and 3048.
24
Let c be (-6)/(177/90 + -2). Let b(a) = 248*a + 328. Let q be b(-1). Calculate the greatest common divisor of q and c.
20
Let g be -4 + 91 + 0/4. Suppose -88*v = -g*v - 44. Calculate the highest common factor of 44 and v.
44
Suppose -1440 = -6*x - 3*x. Let w = 2 - -37. Let o be -30*(w/(-9) + 4). Calculate the highest common factor of o and x.
10
Let l = 22 - -5. Let i(z) = -z + 54. Let c be i(l). What is the highest common factor of c and 81?
27
Suppose 0 = -48*r + 22554 - 367 - 2843. What is the greatest common divisor of r and 91?
13
Let n be (-128)/16*(-1)/2. Let j be ((-20)/60)/(n/(-60)). What is the greatest common divisor of 5 and j?
5
Suppose 0 = -3*f + 3*j - 129, 2*j - 49 = f - j. Let v = 43 + f. Suppose 0*h + 51 = 3*h - v*l, 88 = 4*h + l. Calculate the highest common divisor of 231 and h.
21
Suppose 38*x - 14*x = 44*x - 600. What is the highest common factor of x and 1690?
10
Let p(m) = 128*m - 2007. Let z be p(16). Calculate the highest common factor of z and 4.
1
Let o = -134 + 238. Suppose -o = -5*t + 3*t. Suppose 4*a - 162 = -g - 0*a, 1138 = 9*g - 4*a. What is the greatest common factor of g and t?
26
Let o be (-4)/((-64)/(-10168)*(-2)/4). Calculate the greatest common factor of 82 and o.
41
Let s = 29 + -67. Suppose 5*g = 836 - 46. Let v = g + s. Calculate the highest common divisor of 80 and v.
40
Let m(h) = -1 + 4 - 4 + 16*h**2. Let f be m(-1). Suppose 70*u + 3540 = -14*u + 202*u. Calculate the greatest common factor of u and f.
15
Suppose 0 = -10*o + 5*o. Suppose 0 = 9*j - 28*j + 38. Suppose o = j*l + 7*l - 90. What is the greatest common divisor of 20 and l?
10
Let o(x) = 10343*x + 3*x**2 - 20702*x - 3 + 10350*x. Let k be (4/3)/((-2)/(-6)). Let h be o(k). What is the highest common divisor of 18 and h?
9
Let n be (-43 + 44)*(2 + -2). Suppose 0 = 3*f + 5*h - 63, 3*f - 2*h - h - 39 = n. What is the highest common factor of f and 8?
8
Suppose -3*d - 3*k = -7152, -2*d = -2*k - 12483 + 7747. What is the greatest common factor of d and 16?
8
Let i(x) = 3*x**2 - 20*x - 748. Let f be i(-17). What is the greatest common factor of 6273 and f?
153
Let g be ((-3)/((-24)/(-86)))/((-20)/13440*4). Calculate the greatest common divisor of g and 1462.
86
Let p be (-392 - -215)/(1/(6/(-2))). Calculate the greatest common divisor of 72 and p.
9
Suppose 186 = -r + 4*w, -5*w - 8 = -3*w. Let h = -152 - r. What is the highest common divisor of 575 and h?
25
Let f be (14/(-4) + 3)/((-1)/2). Let y be 7*f*(-8 - -1). Let k be 7 - ((-1)/2 - y/14). Calculate the greatest common factor of 36 and k.
4
Suppose 107*p = 115*p - 976. Suppose 2*q - 48 = -a, -57 = -3*a + q + p. What is the greatest common factor of a and 174?
58
Let j = 25703 - 25683. Calculate the greatest common divisor of j and 12260.
20
Let a be (-4*132/144)/((-6)/(125082 + 0)). Calculate the highest common divisor of 11 and a.
11
Suppose -3*n + 934 = -3548. What is the highest common factor of 81 and n?
9
Let u = 5529 - 5518. Calculate the greatest common divisor of 157 and u.
1
Suppose -2*i - 20 = -3*i. Suppose -6*g = -g + i. Let r be (-15)/(-2)*(g + 61 + -3). Calculate the highest common factor of 45 and r.
45
Let f be 43788/(-24) + (-1)/2. Let y = -1158 - f. What is the highest common divisor of 58 and y?
29
Let b be 0/9 - (5 - 16/4). Let m be (7/(-5) - b)/(40/(-13200)). What is the greatest common divisor of m and 330?
66
Let y(z) = 30*z**2 - 142*z + 426. Let j be y(3). Calculate the greatest common divisor of 1215 and j.
135
Let s = -873 + 863. Let f(z) = -16*z - 112. Let h be f(s). What is the greatest common divisor of h and 64?
16
Let u be (-27)/108 + (-445)/(-4). Suppose -u = 15*r - 381. Calculate the greatest common factor of r and 810.
18
Let b(m) be the first derivative of 8*m**2 - 14*m + 21. Let h be b(9). Let r = -104 + h. Calculate the greatest common factor of r and 104.
26
Suppose -5*s = -y - s + 15, -60 = -4*y - 5*s. Let k(r) = 137*r**3 + 168*r**2 + r. Let h be k(-1). Calculate